(p)?
-3
Let y(h) = 15*h - 2 + 22*h - 32*h + h**2. Let d = -7 - -4. Calculate y(d).
-8
Let r(i) = 2*i + 1. Let b = -40 - -34. Determine r(b).
-11
Let o(j) = -j**3 + 2*j**2 - j. Let q(s) be the second derivative of -s**5/20 - s**4/2 + s**3 - 3*s**2 + 3*s. Let n be q(-7). Determine o(n).
0
Let b be ((-10)/4 - -3)*4. Suppose -2*l - 7 = b*w - 3*l, 0 = w + 2*l - 9. Let j(r) = 4*r**2 + r. What is j(w)?
3
Let h(c) be the second derivative of c**4/12 - c**3/2 - 3*c**2 - c. Let b(p) = -5 - 4*p**3 + 3*p**3 + 4*p**2 + 1. Let w be b(3). What is h(w)?
4
Let n(v) = v**3 + 4*v**2 - 4*v + 4. Let s be n(-5). Let x(c) = -10*c**3 + 25*c. Let k(u) = u**3 - 2*u. Let j(f) = -25*k(f) - 2*x(f). Give j(s).
5
Let j(b) = 5*b + 2. Suppose -m = -2*r - 6 - 4, 3*m - 2 = -r. What is j(r)?
-18
Let b = 8 - 6. Let l(x) be the third derivative of 0*x - 1/12*x**4 - 2*x**b + x**3 + 0. Calculate l(5).
-4
Let z(r) = -r**3 - 7*r**2 - r - 5. Let n(s) = -1 - 1 - s - 1 + 2. Let a be n(6). Give z(a).
2
Let g(h) be the second derivative of -h**3/6 + h**2 - 20*h. Calculate g(1).
1
Let g = 8 - 6. Let x be (5/(-4))/(g/8). Let y(n) = -2*n**2 - 7*n - 8. Let s(b) = -b**2 - b - 1. Let h(j) = -s(j) + y(j). Calculate h(x).
-2
Let u(l) = 0 - 2*l - 3 - 2. Let k be u(-4). Let z(o) = k*o**3 + 1 - 4*o**3 - o**2 - 5. What is z(0)?
-4
Let u(m) = -3*m**2 - 3*m**3 - 7 - 4*m**2 + 2*m**3 - 12*m + 5*m. Determine u(-6).
-1
Let i(j) = j**2 - 2*j - 2. Suppose -3*a + 6 + 9 = 0, 5*m - 5*a = 0. Calculate i(m).
13
Suppose 3 = -4*i + 23. Let g(v) = 2 - 2*v + 1 + i*v. Let z be 30/(-12)*4/5. Determine g(z).
-3
Let z(d) be the first derivative of -3*d**2/2 - 3*d - 3. Determine z(-4).
9
Let c(g) = -2*g**3 - 3*g**2 - 2*g - 3. Let p be 1 - (2/4)/(5/30). Calculate c(p).
5
Suppose 0 = -15*v + 4*v - 11. Let c(i) = i**2 - 1. What is c(v)?
0
Let i(d) = -7*d - 3 + 12*d - d**3 - 3*d**2 + 4*d**2. What is i(3)?
-6
Suppose 2*r + 7 = w - 5, -r = 2*w + 6. Let m(u) = 3*u - 6. Let d(t) = t - 2. Let z(v) = 8*d(v) - 3*m(v). What is z(r)?
8
Let m(u) be the third derivative of u**4/24 - u**3 - 17*u**2. Determine m(7).
1
Let y(q) be the second derivative of -q**3/6 - 9*q**2/2 + 17*q. Give y(-9).
0
Suppose -4*b - 4 = -0*b. Let c(f) be the first derivative of 3/4*f**4 + f - 1 + 0*f**3 + 0*f**2. Give c(b).
-2
Suppose 5*r - o + 1 = 0, -r + 5*o + 11 + 8 = 0. Let v(i) = -6*i**2 + i. Give v(r).
-7
Let q(x) be the third derivative of x**4/24 - 5*x**3/6 + 3*x**2. What is q(10)?
5
Suppose 0*c + 1 = c. Let o be (-2 - -4) + -3 - c. Let v(a) = -a**2 - a + 2. What is v(o)?
0
Let w be (-1)/2 + (-18)/4. Let h(x) = -7*x**2 - 8*x - 6. Let p(j) = -4*j**2 - 4*j - 3. Let c(u) = w*p(u) + 3*h(u). What is c(-4)?
-3
Suppose 6*o + 5 = 23. Let p(b) = o*b - b + 4 - 3*b + 2*b**2 - 3*b**2. Determine p(0).
4
Let c(l) = -l**2 + 2. Let a be -2 + 5 + 0 + -3. Let m be c(a). Let v(w) = w. Give v(m).
2
Let y(p) be the second derivative of p**6/120 + p**4/24 + 7*p**3/6 - p**2 - 2*p. Let k(r) be the first derivative of y(r). Calculate k(0).
7
Let i(r) be the third derivative of r**7/840 + r**6/72 + r**5/20 - r**3/2 + 2*r**2. Let c(k) be the first derivative of i(k). Determine c(-4).
-8
Let g(n) = -1. Let v(j) = -j + 3. Let i(y) = 3*g(y) - v(y). What is i(6)?
0
Suppose 6*i - 2*i = 36. Let n be (-3)/(i/3) + -3. Let k(x) = x + 5. Determine k(n).
1
Let k(a) = -1. Let d(y) = -y - 2. Let g(i) = d(i) - 6*k(i). Suppose 4*n + 5*j = 17, 3*n - 6*j = -4*j + 7. Calculate g(n).
1
Suppose 2*h = -2*q, -6*q + 14 = -3*h - 2*q. Let y(k) be the third derivative of 0*k + 9*k**2 + 1/24*k**4 + 0 + 1/60*k**5 + 1/6*k**3. Give y(h).
3
Let r(f) = f**2 - f + 1. Let l(n) = -n**2 + n - 4. Let i(a) = l(a) + 2*r(a). Suppose -4*o + 5 = -7. What is i(o)?
4
Let f(c) = 3 - 3*c + 0 - 2*c - c**3 - 2*c**2 + 7*c**2. Determine f(3).
6
Suppose 4*v = 0, 14 = 5*y - 3*v - 16. Let g(f) = -f**3 + 7*f**2 - 6*f + 5. Determine g(y).
5
Let f(c) = -c + 3. Let z = -53 + 53. What is f(z)?
3
Let t(s) = 9*s. Suppose -359*b - 6 = -356*b. Give t(b).
-18
Let l(t) = 66*t**3 + 8 - 36*t**3 + 7*t - 29*t**3 + 7*t**2. Let z(s) = s**2 - 6*s - 6. Let w be z(6). What is l(w)?
2
Let h(a) = a**3 - 9*a**2 - 10. Let t(o) = -o**3 + 10*o**2 - o + 11. Let x(b) = -5*h(b) - 4*t(b). Let n be x(6). Let d(j) = -2*j - 3. Give d(n).
9
Let f(j) be the third derivative of -j**4/12 - j**3/6 + 8*j**2 - 3*j. Suppose -4*x + 5 = -9*x + 4*v, -5*v + 10 = -5*x. Determine f(x).
-7
Suppose 0*k - 3*k = -2*a, k - 4*a - 10 = 0. Let t = -28 + 31. Let r = k + t. Let l(o) = 9*o**3 - o**2 + 1. Determine l(r).
9
Let l(d) be the third derivative of -d**6/60 - d**5/15 - d**4/12 + d**2. Let q(r) = -r + 5. Let w = 4 + 3. Let n be q(w). Determine l(n).
4
Suppose -w - 4*n + n = 13, w + 2*n = -8. Let x = 1 - -5. Suppose -2*p = 2*m + x, -2 = w*m - m. Let a(v) = -8*v - 1. Calculate a(p).
7
Let y(u) = 8 + 26*u - 1 - 17*u + u**2. What is y(-6)?
-11
Suppose 5*x - 6 = 2*x. Suppose -4*g + 41 = 5*a, -x*a + 1 = -a - g. Let c(h) = 2*h - 6. Determine c(a).
4
Let t(l) be the third derivative of -l**6/120 + l**5/60 - l**4/24 + l**3/6 - 2*l**2. Let w = -4 + 5. Determine t(w).
0
Let v(h) = 0*h**3 + 4*h - h**3 + 3*h + 5*h**2 + 1. Let u(o) = o**2 - 9*o - 4. Let s be u(10). What is v(s)?
7
Let y(i) = -i**3 + 7*i**2 + i - 5. Let k be y(7). Let s(d) = -2*d**2 - 4*d - 3*d**3 + 2*d**3 + 5*d + 3*d**k. Determine s(-1).
1
Let w be (-9)/6 + (-10)/(-4). Let n(y) = 27*y - 1. Determine n(w).
26
Let l(z) = z**2 - z - 5. Let g be l(0). Let f(y) = -y**3 - 6*y**2 - 8*y - 4. Give f(g).
11
Let z(u) = 4*u**2 - 1. Let i be z(-1). Let b = -2 + i. Let o be (10/(-6))/(b/(-3)). Let h(p) = p**2 - 5*p + 5. What is h(o)?
5
Let k(q) = -3*q**2 + q + 1. Let r be k(-1). Let v = -11 + 17. Let t(u) = -6*u**2 + 4 + u**2 + 2*u**2 + u**3 + u + v*u**2. What is t(r)?
1
Let v(m) be the first derivative of -m**3/3 + 2*m**2 + 9. Let z(h) = -h - 3. Let u be z(-6). Suppose 2*a = u*a - 2. What is v(a)?
4
Let p(b) = b**3 - 4*b**2 - 3*b - 7. Suppose 3*x - 7 = 8. Let z be p(x). Let j(f) = -1 + f**z + 5*f**3 + 2*f**3. Give j(1).
7
Let w(f) be the first derivative of -f**4/4 + 2*f**3 - 2*f**2 - 4*f + 31. Determine w(5).
1
Let b(n) be the second derivative of n**4/12 - 5*n**3/6 + n**2 - 5*n. Let r = 10 - 8. Give b(r).
-4
Let v be ((-18)/45)/(1/(-5)). Let n(q) = -v*q**2 - q**2 + q**2 + 1. What is n(-2)?
-7
Let q(w) = w**3 + 4*w**2 + 2*w - 4. Suppose 14 = 4*z - 6, 12 = 2*k + 4*z. Determine q(k).
-12
Let m(d) be the first derivative of 3*d**2/2 - 2*d - 4. Let k = 6 - 4. What is m(k)?
4
Let i(l) be the first derivative of l**7/840 - l**6/60 + l**5/20 - l**4/24 + l**3/3 + 4. Let r(z) be the third derivative of i(z). Give r(4).
-9
Let z(u) = -2*u + 6. Let o(a) = a**2 - 12*a + 3. Let d be o(11). Suppose -5*l + 32 + 31 = -2*x, -4*x = 3*l - 43. Let n = l + d. Give z(n).
-4
Suppose -m + 4*q + 10 = -0*m, m = -2*q - 2. Let z be 2 - m - -2 - -2. Let r(f) = -f**3 + 3*f**2 + 4*f - 6. Give r(z).
-6
Let g be (3/(-4))/((-3)/24). Let w be g/(-2)*4/(-6). Suppose -f + 2*f = -w. Let v(n) = n**2. Determine v(f).
4
Let q(n) = n. Let a(o) = -o**3 - o**2 + o + 6. Let z be a(0). Suppose -s + z*s + 15 = 0. Determine q(s).
-3
Let h be (-50)/(-12) + (2 - 13/6). Suppose 2*x - 4 = 6. Suppose h*s + 1 = x. Let q(c) = 4*c**2 + c. What is q(s)?
5
Let t = -18 + 22. Let g(k) = -2*k + 0 + 5*k**2 - 3 - t*k**2 + 0. Calculate g(4).
5
Let p(j) be the second derivative of -j**3/3 - 16*j. What is p(-2)?
4
Suppose 59 = -11*k + 4. Let o(q) = 3*q. Calculate o(k).
-15
Let q = -1/69 + 39/46. Let m(v) be the second derivative of 1/2*v**2 + 0 + q*v**3 - v + 1/20*v**5 - 1/2*v**4. What is m(5)?
1
Let y(h) = -1 - 3*h**2 + 5*h**2 + 4*h**2 - 3*h - 5*h**2. Determine y(4).
3
Let i(p) = 20*p + 4. Let w(c) = 4*c + 1. Let g(y) = -2*i(y) + 11*w(y). Give g(-2).
-5
Let q(i) be the first derivative of -i**4/4 - 5*i**3/3 - 5*i**2/2 + 3*i - 11. Calculate q(-4).
7
Let f(h) = -4*h - h**2 + h**3 - 2*h**2 - 2 + 6*h. Let y be f(2). Let o(c) = -3*c - 2. What is o(y)?
4
Let h = -1 + -3. Let j = h - -7. Let t(l) = l**3 - 2*l**2 - l - 2. Give t(j).
4
Let s be ((-9)/(-2))/(2/(-4)). Let h(t) = -t**3 - 8*t**2 + 10*t + 9. Let x be h(s). Let i(v) = v**2 - 1. What is i(x)?
-1
Let r(t) be the first derivative of t**3/3 + 5*t**2/2 + 2*t + 82. Suppose 0 = -x - 2*f - 1, 3*x + 3*f = -0*x - 6. Determine r(x).
-4
Suppose -3*p + 3*l = 15